
In base 3, what is -1122 + -10122201?
-10201100
In base 7, what is -2 - 2001606?
-2001611
In base 8, what is -2 + 50413?
50411
In base 12, what is -1bb32 - 17?
-1bb49
In base 15, what is 9c - 400?
-353
In base 9, what is 470 + -120?
350
In base 16, what is 788 - 4c0?
2c8
In base 10, what is -381963 + 5?
-381958
In base 5, what is 21144 - 233?
20411
In base 7, what is 2 + 126660?
126662
In base 7, what is -124232 - 2?
-124234
In base 6, what is 31234 - 10?
31224
In base 4, what is 13312122 - 0?
13312122
In base 15, what is 0 + -2585?
-2585
In base 12, what is 18a34 - -1?
18a35
In base 4, what is 1 + -2101330?
-2101323
In base 4, what is -1113 + -21032?
-22211
In base 11, what is 5 + 1914?
1919
In base 12, what is -417309 + 9?
-417300
In base 13, what is -8731 + 25?
-8709
In base 9, what is -24523 + -4?
-24527
In base 5, what is -1002 - -2101?
1044
In base 2, what is 10010001001000 - 1?
10010001000111
In base 9, what is -4 - -74345?
74341
In base 12, what is -2a474 + 10?
-2a464
In base 7, what is -10313 + 44?
-10236
In base 2, what is 100 + 101001100011?
101001100111
In base 5, what is 101122 - 100?
101022
In base 12, what is 8b59 - 4?
8b55
In base 7, what is -1541222 - 0?
-1541222
In base 14, what is d - 10361?
-10352
In base 7, what is -1351543 + 25?
-1351515
In base 16, what is 48 - -97?
df
In base 12, what is -52b + 1b?
-510
In base 12, what is -14254a - 2?
-142550
In base 11, what is -77 - -1886a?
187a3
In base 13, what is 64 + 20a?
271
In base 9, what is -33 + 26?
-6
In base 3, what is -12 - 1020101000201?
-1020101000220
In base 16, what is 6 - 1c0?
-1ba
In base 10, what is -1110229 - -1?
-1110228
In base 12, what is -58b + -b?
-59a
In base 13, what is -297 - 2757?
-2a21
In base 9, what is -267 - -21172?
20804
In base 5, what is 201133 - 3232?
142401
In base 3, what is -22 - 100121111?
-100121210
In base 5, what is 31202311 + -4?
31202302
In base 2, what is -100 + 1110000110001?
1110000101101
In base 7, what is 1012 + -2311?
-1266
In base 14, what is 22b24 + 2?
22b26
In base 12, what is -3 - -51ab3?
51ab0
In base 9, what is -14 - 6248?
-6263
In base 8, what is -4 - 1232061?
-1232065
In base 6, what is 11024213 - -4?
11024221
In base 3, what is 11 - -1022001101?
1022001112
In base 11, what is -10 + -6933?
-6943
In base 13, what is -14 - -545a?
5446
In base 12, what is 53b6 - 314?
50a2
In base 6, what is 1 - 220135?
-220134
In base 8, what is -5 - -231755?
231750
In base 8, what is -72512 + -26?
-72540
In base 3, what is -12221 - -112?
-12102
In base 3, what is -20000101 + -1010211?
-21011012
In base 2, what is -1 + 1100?
1011
In base 16, what is -1 + -eab?
-eac
In base 15, what is e8 - -49?
142
In base 2, what is -10111001100101000 - 10010?
-10111001100111010
In base 10, what is -5406 - -393?
-5013
In base 10, what is 69649 + 1?
69650
In base 6, what is -44204231 - 4?
-44204235
In base 9, what is 134 + -56?
67
In base 4, what is 1131113 + 11?
1131130
In base 9, what is -10628 + 7?
-10621
In base 13, what is 141c + c?
142b
In base 4, what is 1212 - -1101?
2313
In base 8, what is -4557166 + 0?
-4557166
In base 5, what is 341112 - -134?
341301
In base 11, what is 524aa5 + 1?
524aa6
In base 14, what is 1850 - -188?
19d8
In base 16, what is -1d - 4d?
-6a
In base 12, what is -1a - -28b0?
2892
In base 3, what is 1000011100 + -1?
1000011022
In base 2, what is -11 - 11111010110001000?
-11111010110001011
In base 10, what is 330520 + -5?
330515
In base 16, what is ccc + 2cf?
f9b
In base 11, what is -74 - -104?
40
In base 13, what is 149a7 - -4?
149ab
In base 12, what is 14 + -2b36?
-2b22
In base 6, what is 513234 - -1?
513235
In base 4, what is -3 - 103102?
-103111
In base 15, what is 1e49 + 3?
1e4c
In base 12, what is 9 + 9a928?
9a935
In base 8, what is 107 - 316?
-207
In base 10, what is 30714 - 8?
30706
In base 15, what is -1cd0 + -a5?
-1d85
In base 14, what is -2 - -aa727?
aa725
In base 7, what is 4 + 1362402?
1362406
In base 12, what is 1723 - 1a?
1705
In base 6, what is -1240004 + -125?
-1240133
In base 8, what is 2 - -645540?
645542
In base 4, what is -112 + -222223?
-223001
In base 12, what is 73178 - -2?
7317a
In base 2, what is -1010 + -1111001000000?
-1111001001010
In base 3, what is -2111211100 - 121?
-2111211221
In base 4, what is 223223033 - 10?
223223023
In base 5, what is -40 - 2143214?
-2143304
In base 15, what is bb7b + 3?
bb7e
In base 6, what is 4 + 142?
150
In base 6, what is -1212 - 11?
-1223
In base 12, what is -12 + -553?
-565
In base 13, what is -9 + 206c1?
206b5
In base 10, what is -21 + 6134?
6113
In base 16, what is -ef46 - -5?
-ef41
In base 10, what is -51 + 1509?
1458
In base 10, what is -1 - 24622?
-24623
In base 9, what is -3680 + 21?
-3658
In base 15, what is a4ba - 4?
a4b6
In base 16, what is -e + 8360?
8352
In base 6, what is 0 - -2101254?
2101254
In base 13, what is 2126 + -396?
1a60
In base 15, what is -349 + a33?
6d9
In base 3, what is -10 + 122200211?
122200201
In base 12, what is 369bb + -7?
369b4
In base 7, what is -6 + 23502?
23463
In base 15, what is -d892 - 2?
-d894
In base 10, what is -151 + 82?
-69
In base 16, what is 204b + -3d?
200e
In base 5, what is 0 - -103101?
103101
In base 14, what is -14d + 5?
-148
In base 11, what is -9 - 230598?
-2305a6
In base 3, what is 1110222012000 + -11?
1110222011212
In base 3, what is 12 + -10000001002?
-10000000220
In base 14, what is -c0 + 1c7?
107
In base 14, what is 7ab6 + -6?
7ab0
In base 9, what is 4 + 263484?
263488
In base 15, what is 787 - a?
77c
In base 13, what is 237 - 5bc?
-385
In base 14, what is -4 + -3017?
-301b
In base 2, what is 1101011110010 + -10?
1101011110000
In base 11, what is 192a01 + -21?
192990
In base 8, what is 263 - 3376?
-3113
In base 8, what is -1 + -21276?
-21277
In base 10, what is -16 + -534?
-550
In base 14, what is -4 - -1ddc51?
1ddc4b
In base 16, what is 1a + 361?
37b
In base 6, what is 2 + 4203052?
4203054
In base 2, what is 0 - -100110101000110000001?
100110101000110000001
In base 10, what is -4 - -430085?
430081
In base 4, what is 130 - 221203?
-221013
In base 14, what is 1ca75 + -4?
1ca71
In base 10, what is -5 + 4113?
4108
In base 4, what is -10311 - -1321?
-2330
In base 3, what is 1 - -101200012?
101200020
In base 5, what is -14 + 22100321?
22100302
In base 7, what is 24 - 160521?
-160464
In base 9, what is -12652 + 4?
-12647
In base 15, what is -9a + -b93?
-c3d
In base 13, what is 19 + -861?
-845
In base 11, what is -3 + 78822?
7881a
In base 10, what is 755 - 467?
288
In base 12, what is -436392 - -1?
-436391
In base 6, what is -15352 + 11214?
-4134
In base 11, what is -75262 + -4?
-75266
In base 8, what is 1 - 235511?
-235510
In base 11, what is 4 + -9733?
-972a
In base 11, what is -5 + 955?
950
In base 12, what is -3 + -87768?
-8776b
In base 14, what is -3 - 167b?
-1680
In base 16, what is -3d1 + 1d2?
-1ff
In base 11, what is 4 + -5268?
-5264
In base 4, what is 12 - -2021230?
2021302
In base 5, what is -20241 - -202?
-20034
In base 10, what is 1 - 91712?
-91711
In base 11, what is 6 - -6a98?
6aa3
In base 16, what is 1 + 11958?
11959
In base 13, what is -8 - 20c910?
-20c918
In base 3, what is 2 - 1120200212?
-1120200210
In base 6, what is 0 - 203341?
-203341
In base 2, what is -10110101011100 - -111?
-10110101010101
In base 5, what is 243303 + 0?
243303
In base 2, what is 101011 - -101110100101?
101111010000
In base 3, what is -121 - 102110000?
-102110121
In base 3, what is 1 + -211110200?
-211110122
In base 14, what is 13a0b - -4?
13a11
In base 7, what is -4 - 3301441?
-3301445
In base 3, what is -211211100 - -1021?
-211210002
In base 9, what is 1175826 + -4?
1175822
In base 16, what is 2 - 1ba1?
-1b9f
In base 13, what is -78 + 14b?
a3
In base 7, what is 2 + 52406?
52411
In base 3, what is -121 - 11102000202?
-11102001100
In base 7, what is -1 - 1014542?
-1014543
In base 8, what is -174 - 170?
-364
In base 14, what is -b7 + 19b8?
1901
In base 9, what is 21 - -6816?
6837
In base 10, what is -3 + -7129?
-7132
In base 8, what is 111 - 54?
35
In base 6, what is 1 - 5155525?
-5155524
In base 14, what is -2a743 + -3?
-2a746
In base 16, what is 19407 + -2?
19405
In base 16, what is -2442a - 3?
-2442d
In base 11, what is -85 - -9613?
9539
In base 14, what is 44d2 - 2?
44d0
In base 7, what is -2 + -45062?
-45064
In base 10, what 